ghest common factor of 3600 and 175392?
144
What is the greatest common divisor of 187910 and 147706?
874
What is the greatest common divisor of 13 and 36858289?
13
What is the highest common factor of 76579448 and 242?
242
Calculate the greatest common factor of 5794188 and 1356.
1356
Calculate the highest common factor of 5148 and 98995842.
198
What is the greatest common factor of 94416133 and 1582?
791
What is the greatest common divisor of 2534688 and 572?
52
What is the highest common divisor of 177 and 5617213?
59
Calculate the highest common factor of 23300 and 19746284.
932
What is the highest common divisor of 46956 and 445506789?
11739
What is the greatest common divisor of 62789 and 44437?
37
What is the greatest common divisor of 3 and 612834171?
3
Calculate the greatest common factor of 182414 and 702662.
818
What is the greatest common divisor of 3858512 and 5922?
658
Calculate the highest common factor of 4948404 and 240948.
276
What is the highest common factor of 13133877 and 1356?
339
What is the greatest common factor of 2929545 and 1395?
45
Calculate the highest common divisor of 615195 and 23533335.
2835
Calculate the greatest common factor of 707952 and 171696.
2352
What is the highest common divisor of 3507943 and 278?
139
What is the highest common factor of 54 and 16068474?
18
What is the highest common factor of 4 and 652828064?
4
Calculate the greatest common factor of 248996 and 47300.
44
What is the highest common divisor of 1068891 and 1733643?
3777
Calculate the highest common divisor of 496703472 and 304.
304
Calculate the greatest common factor of 5084610 and 4830.
690
What is the highest common factor of 1259181 and 1738?
869
What is the highest common divisor of 11907564 and 144?
12
Calculate the highest common divisor of 307489075 and 25.
25
Calculate the highest common factor of 39688 and 15728.
8
Calculate the highest common divisor of 722 and 381588.
2
What is the greatest common factor of 1202 and 202304413?
601
Calculate the highest common divisor of 118583247 and 10420.
521
Calculate the highest common factor of 5304 and 638112.
408
Calculate the highest common divisor of 7884176 and 96.
16
What is the highest common divisor of 56141 and 34751?
31
Calculate the highest common factor of 4208 and 5744.
16
What is the greatest common divisor of 44838 and 7476?
6
What is the highest common divisor of 218611178 and 1031?
1031
What is the greatest common factor of 3033537 and 26?
13
What is the greatest common factor of 17545510 and 4520?
1130
Calculate the greatest common divisor of 42507105 and 1380.
345
What is the greatest common divisor of 303030 and 7085?
65
What is the highest common divisor of 513395 and 605?
5
Calculate the greatest common divisor of 159495 and 5366235.
5145
Calculate the greatest common factor of 45496199 and 952.
119
What is the greatest common divisor of 106363535 and 15?
5
What is the highest common divisor of 547884 and 18306?
162
Calculate the highest common divisor of 99 and 1222443.
9
Calculate the highest common factor of 295510914 and 29355.
5871
Calculate the greatest common factor of 52016672 and 736.
32
Calculate the highest common factor of 6167845 and 5.
5
Calculate the highest common factor of 117061756 and 28.
28
What is the greatest common factor of 12287696 and 4272?
1424
What is the highest common factor of 2379252 and 27904?
436
What is the highest common factor of 120525392 and 52?
52
What is the greatest common divisor of 12275230 and 1760?
110
What is the highest common divisor of 722 and 8861106?
722
Calculate the greatest common factor of 396574 and 2158.
166
What is the greatest common factor of 2048 and 313984?
128
Calculate the highest common divisor of 30086730 and 486.
18
Calculate the highest common divisor of 2256 and 1976568.
24
Calculate the highest common divisor of 5807052 and 1620.
324
Calculate the highest common factor of 1113 and 1389650619.
1113
Calculate the highest common divisor of 24576 and 26902.
2
What is the highest common factor of 18409326 and 13026?
78
What is the highest common divisor of 1064 and 315847?
7
What is the greatest common factor of 13551313 and 133?
19
What is the highest common factor of 41895 and 2024640?
855
What is the highest common divisor of 10304424 and 4905?
981
What is the greatest common factor of 226122 and 59006246?
5798
Calculate the highest common factor of 403797361 and 79.
79
Calculate the greatest common divisor of 175578 and 12675.
39
What is the highest common factor of 110 and 457551314?
22
Calculate the greatest common factor of 464 and 351103.
29
What is the highest common divisor of 325 and 191065225?
325
What is the highest common factor of 156 and 447488886?
78
Calculate the greatest common factor of 2708406 and 21067182.
16218
What is the greatest common divisor of 2044 and 12865958?
1022
What is the greatest common factor of 20 and 7161120?
20
What is the greatest common divisor of 1013653 and 23382?
433
What is the greatest common factor of 3696 and 73912146?
462
What is the greatest common factor of 5721377 and 15394?
179
Calculate the highest common factor of 16 and 13622.
2
What is the highest common factor of 8071400 and 1700?
100
What is the highest common factor of 40504538 and 1271?
31
What is the highest common divisor of 44747 and 51707?
29
What is the highest common factor of 1085 and 33871747?
217
Calculate the highest common divisor of 323662 and 1658.
2
Calculate the greatest common factor of 108064 and 5588.
44
Calculate the highest common factor of 43787985 and 45.
15
Calculate the greatest common divisor of 9347 and 341653.
13
Calculate the highest common divisor of 1250 and 950310.
10
Calculate the highest common factor of 4556 and 341428.
68
Calculate the greatest common divisor of 4325 and 3024905.
865
What is the highest common divisor of 35166 and 687929014?
11722
Calculate the highest common factor of 710631900 and 3124.
3124
What is the greatest common divisor of 33969 and 10218?
39
Calculate the greatest common divisor of 797233 and 39446.
163
What is the highest common factor of 4 and 76953904?
4
What is the greatest common factor of 3498 and 979021989?
1749
What is the greatest common factor of 28 and 382196?
4
Calculate the greatest common divisor of 30886 and 350.
2
Calculate the greatest common divisor of 2080 and 270904.
8
What is the greatest common factor of 106256 and 33672160?
3664
Calculate the highest common divisor of 869040 and 160560.
720
Calculate the highest common factor of 943087706 and 16556.
8278
Calculate the greatest common divisor of 15515 and 7334315.
535
Calculate the highest common factor of 89391 and 4860501.
1077
What is the highest common divisor of 895 and 4309783?
179
What is the highest common factor of 5565 and 705324?
159
Calculate the greatest common divisor of 4546757 and 474683.
3923
What is the greatest common factor of 51154557 and 1488?
93
Calculate the highest common divisor of 196653552 and 4080.
816
What is the highest common divisor of 2185 and 449880?
115
Calculate the greatest common factor of 49 and 18620959.
7
Calculate the highest common factor of 30 and 10894665.
15
Calculate the highest common divisor of 565970 and 790.
10
Calculate the greatest common factor of 196 and 45982286.
98
What is the highest common divisor of 6414 and 48877887?
3207
What is the highest common divisor of 175930 and 7556230?
730
Calculate the greatest common divisor of 492 and 2843883.
123
Calculate the highest common factor of 30636216 and 2262.
78
Calculate the highest common factor of 6646912 and 2.
2
Calculate the highest common factor of 462705 and 35643.
327
Calculate the greatest common divisor of 150534780 and 20.
20
What is the highest common factor of 831431731 and 26?
13
What is the highest common divisor of 36990970 and 9050?
1810
What is the highest common divisor of 7935 and 51977424?
1587
Calculate the greatest common factor of 21095060 and 109180.
1060
Calculate the highest common divisor of 73016 and 2272.
8
Calculate the greatest common factor of 11511 and 423.
9
Calculate the highest common divisor of 22003390 and 30.
10
What is the highest common factor of 1343 and 631108?
17
Calculate the highest common divisor o